*z**2 - 2*z - 13. List the prime factors of x(i).
2, 199
Let x(q) = 83*q**2 + 110*q + 243. List the prime factors of x(-20).
157, 199
What are the prime factors of 40/(-24)*(-411780)/50?
2, 6863
Let k(d) = d**2 - 31*d + 3148. What are the prime factors of k(98)?
2, 3, 1619
Let c be (61864/(-10) - -2) + (-4)/(-10). List the prime factors of c/(-14) + 20/(-210)*-3.
2, 13, 17
Let o(q) = 480*q**2 - 3*q - 32. List the prime factors of o(5).
11953
Let i = -58157 + 100494. What are the prime factors of i?
42337
Let g = 4801 - 3452. List the prime factors of g.
19, 71
Let z(b) = b**3 + 7*b**2 - 4*b + 8. Let y be z(-7). Suppose 0 = 2*p - y - 136. Suppose 124 = 5*r - p. What are the prime factors of r?
2, 3, 7
Suppose -4*b = q, -b = -3*q - 2*b. Let n be (12 - (q - -5)) + -2 + -1. Suppose u - 4*m = 38, 0 = -2*u - n*m + m + 98. List the prime factors of u.
2, 23
Let s(j) = -j**2 + 14*j - 20. Let v be s(12). Suppose -3 - 5 = 2*i - v*z, 8 = 2*z. List the prime factors of 423*(i/3)/4.
3, 47
Suppose 0 = -3*z + 4*o + 1, 3*z - 7*z + 5*o = -3. Suppose -z*g + 4603 = 1474. List the prime factors of g.
3, 149
Let v(k) = -9*k**3 + 50*k**2 + 58*k + 8. List the prime factors of v(-11).
127, 137
Suppose -16108 = -3*p + 5*d + 13790, 2*p + 2*d - 19948 = 0. List the prime factors of p.
13, 59
Suppose 0 = 12*k + 14*k - 52428 - 151464. What are the prime factors of k?
2, 3, 1307
Suppose w - 2157 + 7 = 5*s, 4*w + s = 8516. Suppose w = -12*k + 15*k. List the prime factors of k.
2, 5, 71
Suppose 0 = -4*k + 18 + 6. Let v(y) = -k*y + 16*y + 4*y + 4 + y**2. What are the prime factors of v(-18)?
2, 19
Let v be 11/3 + 2/6. Suppose -v*a + 7*a - 9 = 0. What are the prime factors of 3 + ((-30)/(-8))/(a/40)?
53
Let c be 644/18 + 4/18. Let s(f) = -f + 23. Let i be s(4). Let a = c - i. What are the prime factors of a?
17
Let k(w) = -786*w + 44. Let y be k(-4). Suppose 2*n = 4, 0 = 5*a - 4*n - 1714 - y. List the prime factors of a.
2, 491
Suppose -5 = 2*p + 5. Let v(f) = 0*f**2 - 6*f - 4*f - 823 + 407 + 420 + 4*f**2. List the prime factors of v(p).
2, 7, 11
Let y(w) = 1937*w + 32. List the prime factors of y(4).
2, 5, 389
Let m(z) = -z**3 - 6*z**2 + 7*z + 13. Let n be m(-8). Suppose -79*y + n*y = 4566. What are the prime factors of y?
761
What are the prime factors of (82368/15 + 2)*(-160)/(-64)?
31, 443
Suppose 4*q = -2*i - 1880, -4*q + i - 566 - 1302 = 0. Let u = q + 1595. List the prime factors of u.
7, 23
Let u = -7484 + 12611. What are the prime factors of u?
3, 1709
Let m be (-2 - 1) + 0 + 152. Suppose -149 = -4*y + 3*j - 486, m = -2*y - 5*j. Let o = 129 + y. List the prime factors of o.
47
Let p be (-10)/6 - 656/(-48). List the prime factors of 40/16*(-3)/(-6)*p.
3, 5
Let l be (-31178)/(-21) - (-2)/(-3). What are the prime factors of 48/144 - l/(-3)?
3, 5, 11
What are the prime factors of (-33880144)/3180*30/(-4)?
2, 39953
Let v = 922 + -742. List the prime factors of (-1811)/(-1 - 0) - v/(-60).
2, 907
Suppose 128 = 3*m - 4*d, -5*m + 2*d + 175 = 3*d. Let q = m - 31. Suppose 2*i - 107 = -2*i + q*o, 0 = 4*i - 3*o - 109. List the prime factors of i.
2, 7
Let d be (-227)/((-7)/10 - 6/(-12)). Suppose d + 355 = 5*l. List the prime factors of l.
2, 149
Let p(v) = -7801*v + 2073. What are the prime factors of p(-2)?
5, 7, 101
Suppose 22*u - 44 = -0. Suppose 2*q = -a + 2483, -u*q - 3*a + 2515 - 26 = 0. What are the prime factors of q?
2, 5, 31
Let s be 2/8 - 391/(-4). Let n = 25 - 67. Let i = s + n. List the prime factors of i.
2, 7
Let w be (3/(-9))/(((-2)/(-18))/(-1)). Suppose -w*u + 11 - 5 = 0. List the prime factors of 4 + -3*(-1)/u*2.
7
Let p(k) = 2*k**2 + 10*k + 46. Suppose 2*g + 5*v = -16, 4*g - 8 = 5*g + 3*v. List the prime factors of p(g).
2, 47
Let n be 80365/55 - (-8)/(-44). Suppose 2*v + d = 587, -4*d - n = -v - 4*v. What are the prime factors of v?
293
Suppose 5*c - 3*c + 22 = 0. Let n = c + -14. Let u = n + 37. List the prime factors of u.
2, 3
Let h be ((-4)/10)/(11/(-55)). List the prime factors of 77 + h*(-35)/(-14).
2, 41
Let v = -250 - -248. List the prime factors of v - (6/(-42) - (-936)/(-14)).
5, 13
Let h(v) = v**3 - 32*v**2 + 32*v - 35. Let w be h(31). What are the prime factors of w/(-18) - (-35616)/108?
2, 3, 5, 11
What are the prime factors of 15*(-154)/(-330) - (-3 + (-15443 - -1))?
2, 3863
Let v(p) be the third derivative of -11/8*p**4 + 0 - p - 2*p**3 + 1/30*p**5 - 5*p**2. List the prime factors of v(17).
5
Suppose 78*b + 177572 = 213*b - 110113. List the prime factors of b.
2131
Let k be (-56)/9 - (-12)/54. Let c = k + 14. Suppose 2*a - 144 = -c. List the prime factors of a.
2, 17
Suppose -15*s = -17*s + 2014. Let o = 1549 - s. List the prime factors of o.
2, 271
Suppose -14*n + 4 = -18*n, 3*w - 33 = -3*n. Suppose -2*v + w*m = 7*m - 1122, 2*v + 3*m - 1090 = 0. What are the prime factors of v?
19, 29
Suppose 17*p + 0*p = 2*p. Suppose 3605 = c + 3*c - 3*t, p = 2*c - 3*t - 1795. List the prime factors of c.
5, 181
Let o = -1965 - 783. What are the prime factors of (-6)/(-10) - o/20?
2, 3, 23
Let y be 6 + 2 + -9 - (2 + 17). What are the prime factors of (49128/10)/6 + (-4)/y?
3, 7, 13
Suppose -24*f = 38*f - 86*f + 898872. List the prime factors of f.
13, 43, 67
Suppose 19 = -3*b - n, 0 = 4*b - n - 0 + 16. Suppose 43 = -4*u + 3*u. List the prime factors of b + 3 + (0 - u).
41
Suppose 632 = -4*h + 4*i - 2*i, -488 = 3*h - 5*i. Let b(a) = -a - 182. Let k be b(-43). Let p = k - h. List the prime factors of p.
17
Suppose 37*a - 42*a = -10. Suppose a*b + 2*b + 4 = 0. List the prime factors of b/4 + 2660/16.
2, 83
Suppose -596*r + 1401888 = -545*r. List the prime factors of r.
2, 859
Let m = 98237 + -57577. What are the prime factors of m?
2, 5, 19, 107
Let k be -2 - (-15)/((-30)/(-308)). Suppose 3*r - 170 - k = h, 3*h + 102 = r. What are the prime factors of r?
2, 3
Let u(o) = 33*o**2 + 207*o + 144. What are the prime factors of u(-32)?
2, 3, 569
Let l = 66 + -82. Let p be (6 - (-2 + l/(-4))) + -14. What are the prime factors of p/(-75) - 712/(-60)?
2, 3
Let a be (-11950)/(-8) - 7/(-196)*7. Let w = a + -563. List the prime factors of w.
7, 19
Suppose 5*i - 251 = 2*f, -i + 51 = f + 5. Suppose -i*q - 3170 = -54*q. List the prime factors of q.
2, 317
Let z(w) = 25*w**3 - 94*w - 218. What are the prime factors of z(12)?
2, 17, 1231
Suppose -15275 = 140*w - 187*w. What are the prime factors of w?
5, 13
Let z = 68 + -59. Suppose -66 = -3*i + z. What are the prime factors of i?
5
What are the prime factors of ((-276660)/450)/(2/(-20))?
2, 29, 53
Let a(m) = -2*m**2 - 32*m + 27. Let f(x) = 2*x**2 + 32*x - 25. Let w(r) = -5*a(r) - 4*f(r). What are the prime factors of w(-21)?
5, 7
Let m be -5*(-1486 + -6 - 7). Suppose -5*d = 25, -5*t = 3*d + 2145 - m. List the prime factors of t.
29, 37
Suppose 6 = -m + 2*m. Let l be ((-10)/m)/((-4)/12). Suppose 4*h - 554 - 42 = 4*y, -3*y + 729 = l*h. List the prime factors of h.
3, 7
Suppose -89 = f + 3*x + 41, 390 = -3*f + 4*x. Let z = 639 - f. List the prime factors of z.
769
Let q(p) = 51*p**2 + 16*p + 28. Suppose l + 9 = -5*m, -5*l - 1 = m - 4*l. List the prime factors of q(m).
2, 5
Let y be -1*(-28)/(-16)*-2*2. Suppose -3*x = -y*x - 528. List the prime factors of -10 + 8 + x/(-1).
2, 5, 13
Let i(o) = o**2 + 16*o + 17. Let u be (2 - 1)/(11/(-165)). Let a be i(u). What are the prime factors of ((-3)/a)/(2 - (-402)/(-200))?
2, 3, 5
Let d(v) = -v**3 - 3*v**2 - 4*v + 2. Let y be d(-5). Let u be 248 - -1*2/1. Suppose y - u = -2*w. What are the prime factors of w?
89
Let x(m) = -m**2 + 53*m - 21. Let h be x(21). Suppose 2331 = 8*i + h. What are the prime factors of i?
2, 3, 5, 7
Let l be 4/(-7) - (-1924)/182. Suppose 5*f = -l, -2*c + 15*f = 20*f - 1006. List the prime factors of c.
2, 127
Suppose 3*i - 21 = 60. Let f = i - 27. Suppose f*n - 2*n + 116 = 0. List the prime factors of n.
2, 29
Suppose -5*t + 2032 = 2*l, -9 = -2*t - 13. Let o = l + -728. What are the prime factors of o?
293
Let d = -279 + 282. Suppose -d*w + 6*a - 7*a + 849 = 0, -5*w + 5*a + 1415 = 0. What are the prime factors of w?
283
Let r be (652 - -2) + (-21 - -16). Let g = r + -215. What are the prime factors of g?
2, 7, 31
Suppose 2*z + 11 = -5*b + 86, 2*z + 60 = 4*b. Let i(y) = y**3 - 15*y**2 + 26*y + 1. List the prime factors of i(b).
17, 23
Let i(z) = -833*z - 89. Let n b